[INFO] cloning repository https://github.com/ianfabs/neovim-spotify
[INFO] running `Command { std: "git" "-c" "credential.helper=" "-c" "credential.helper=/workspace/cargo-home/bin/git-credential-null" "clone" "--bare" "https://github.com/ianfabs/neovim-spotify" "/workspace/cache/git-repos/https%3A%2F%2Fgithub.com%2Fianfabs%2Fneovim-spotify", kill_on_drop: false }`
[INFO] [stderr] Cloning into bare repository '/workspace/cache/git-repos/https%3A%2F%2Fgithub.com%2Fianfabs%2Fneovim-spotify'...
[INFO] running `Command { std: "git" "rev-parse" "HEAD", kill_on_drop: false }`
[INFO] [stdout] 2d2cad5d7aed867c3770b257f38c694a470ae710
[INFO] building ianfabs/neovim-spotify against master#ff34b919075f35a1787659e9c448a34b06bab8de for issue-85264
[INFO] running `Command { std: "git" "clone" "/workspace/cache/git-repos/https%3A%2F%2Fgithub.com%2Fianfabs%2Fneovim-spotify" "/workspace/builds/worker-10/source", kill_on_drop: false }`
[INFO] [stderr] Cloning into '/workspace/builds/worker-10/source'...
[INFO] [stderr] done.
[INFO] validating manifest of git repo https://github.com/ianfabs/neovim-spotify on toolchain ff34b919075f35a1787659e9c448a34b06bab8de
[INFO] running `Command { std: "/workspace/cargo-home/bin/cargo" "+ff34b919075f35a1787659e9c448a34b06bab8de" "metadata" "--manifest-path" "Cargo.toml" "--no-deps", kill_on_drop: false }`
[INFO] started tweaking git repo https://github.com/ianfabs/neovim-spotify
[INFO] finished tweaking git repo https://github.com/ianfabs/neovim-spotify
[INFO] tweaked toml for git repo https://github.com/ianfabs/neovim-spotify written to /workspace/builds/worker-10/source/Cargo.toml
[INFO] crate git repo https://github.com/ianfabs/neovim-spotify already has a lockfile, it will not be regenerated
[INFO] running `Command { std: "/workspace/cargo-home/bin/cargo" "+ff34b919075f35a1787659e9c448a34b06bab8de" "fetch" "--manifest-path" "Cargo.toml", kill_on_drop: false }`
[INFO] [stderr]  Downloading crates ...
[INFO] [stderr]   Downloaded futf v0.1.4
[INFO] [stderr]   Downloaded markup5ever v0.7.5
[INFO] [stderr]   Downloaded precomputed-hash v0.1.1
[INFO] [stderr]   Downloaded mac v0.1.1
[INFO] [stderr]   Downloaded serde_bytes v0.10.5
[INFO] [stderr]   Downloaded rmp v0.8.7
[INFO] [stderr]   Downloaded tokio-trace-core v0.1.0
[INFO] [stderr]   Downloaded h2 v0.1.20
[INFO] [stderr]   Downloaded mio v0.6.17
[INFO] [stderr]   Downloaded rmpv v0.4.0
[INFO] [stderr]   Downloaded neovim-lib v0.6.1
[INFO] [stderr]   Downloaded strum_macros v0.14.0
[INFO] [stderr]   Downloaded string_cache v0.7.3
[INFO] [stderr]   Downloaded tokio v0.1.20
[INFO] [stderr]   Downloaded strum v0.14.0
[INFO] [stderr]   Downloaded unix_socket v0.5.0
[INFO] [stderr]   Downloaded html5ever v0.22.3
[INFO] [stderr]   Downloaded string_cache_shared v0.3.0
[INFO] [stderr]   Downloaded string_cache_codegen v0.4.2
[INFO] [stderr]   Downloaded new_debug_unreachable v1.0.3
[INFO] [stderr]   Downloaded tendril v0.4.1
[INFO] [stderr]   Downloaded soup v0.4.1
[INFO] [stderr]   Downloaded string v0.1.3
[INFO] [stderr]   Downloaded open v1.2.2
[INFO] [stderr]   Downloaded backtrace v0.3.20
[INFO] running `Command { std: "docker" "create" "-v" "/var/lib/crater-agent-workspace/builds/worker-10/target:/opt/rustwide/target:rw,Z" "-v" "/var/lib/crater-agent-workspace/builds/worker-10/source:/opt/rustwide/workdir:ro,Z" "-v" "/var/lib/crater-agent-workspace/cargo-home:/opt/rustwide/cargo-home:ro,Z" "-v" "/var/lib/crater-agent-workspace/rustup-home:/opt/rustwide/rustup-home:ro,Z" "-e" "SOURCE_DIR=/opt/rustwide/workdir" "-e" "CARGO_TARGET_DIR=/opt/rustwide/target" "-e" "CARGO_HOME=/opt/rustwide/cargo-home" "-e" "RUSTUP_HOME=/opt/rustwide/rustup-home" "-w" "/opt/rustwide/workdir" "-m" "1610612736" "--user" "0:0" "--network" "none" "ghcr.io/rust-lang/crates-build-env/linux@sha256:20528e8c29e4536546f0102ce88568b16ea7538393a33fcca951030f7af10457" "/opt/rustwide/cargo-home/bin/cargo" "+ff34b919075f35a1787659e9c448a34b06bab8de" "metadata" "--no-deps" "--format-version=1", kill_on_drop: false }`
[INFO] [stderr] WARNING: Your kernel does not support swap limit capabilities or the cgroup is not mounted. Memory limited without swap.
[INFO] [stdout] 13b90834fd4e466adb8ecc1a517990fb1772430e6823a738ba5bbd87742dfa36
[INFO] running `Command { std: "docker" "start" "-a" "13b90834fd4e466adb8ecc1a517990fb1772430e6823a738ba5bbd87742dfa36", kill_on_drop: false }`
[INFO] running `Command { std: "docker" "inspect" "13b90834fd4e466adb8ecc1a517990fb1772430e6823a738ba5bbd87742dfa36", kill_on_drop: false }`
[INFO] running `Command { std: "docker" "rm" "-f" "13b90834fd4e466adb8ecc1a517990fb1772430e6823a738ba5bbd87742dfa36", kill_on_drop: false }`
[INFO] [stdout] 13b90834fd4e466adb8ecc1a517990fb1772430e6823a738ba5bbd87742dfa36
[INFO] running `Command { std: "docker" "create" "-v" "/var/lib/crater-agent-workspace/builds/worker-10/target:/opt/rustwide/target:rw,Z" "-v" "/var/lib/crater-agent-workspace/builds/worker-10/source:/opt/rustwide/workdir:ro,Z" "-v" "/var/lib/crater-agent-workspace/cargo-home:/opt/rustwide/cargo-home:ro,Z" "-v" "/var/lib/crater-agent-workspace/rustup-home:/opt/rustwide/rustup-home:ro,Z" "-e" "SOURCE_DIR=/opt/rustwide/workdir" "-e" "CARGO_TARGET_DIR=/opt/rustwide/target" "-e" "CARGO_INCREMENTAL=0" "-e" "RUST_BACKTRACE=full" "-e" "RUSTFLAGS=--cap-lints=forbid" "-e" "CARGO_HOME=/opt/rustwide/cargo-home" "-e" "RUSTUP_HOME=/opt/rustwide/rustup-home" "-w" "/opt/rustwide/workdir" "-m" "1610612736" "--user" "0:0" "--network" "none" "ghcr.io/rust-lang/crates-build-env/linux@sha256:20528e8c29e4536546f0102ce88568b16ea7538393a33fcca951030f7af10457" "/opt/rustwide/cargo-home/bin/cargo" "+ff34b919075f35a1787659e9c448a34b06bab8de" "build" "--frozen" "--message-format=json", kill_on_drop: false }`
[INFO] [stdout] 4501234cd61cb01fe921c7995a36fde55db61b5c6395be64a2c230280beafc9c
[INFO] [stderr] WARNING: Your kernel does not support swap limit capabilities or the cgroup is not mounted. Memory limited without swap.
[INFO] running `Command { std: "docker" "start" "-a" "4501234cd61cb01fe921c7995a36fde55db61b5c6395be64a2c230280beafc9c", kill_on_drop: false }`
[INFO] [stderr]    Compiling libc v0.2.55
[INFO] [stderr]    Compiling autocfg v0.1.4
[INFO] [stderr]    Compiling cfg-if v0.1.9
[INFO] [stderr]    Compiling unicode-xid v0.1.0
[INFO] [stderr]    Compiling version_check v0.1.5
[INFO] [stderr]    Compiling lazy_static v1.3.0
[INFO] [stderr]    Compiling syn v0.15.34
[INFO] [stderr]    Compiling byteorder v1.3.1
[INFO] [stderr]    Compiling siphasher v0.2.3
[INFO] [stderr]    Compiling serde v1.0.91
[INFO] [stderr]    Compiling smallvec v0.6.9
[INFO] [stderr]    Compiling semver-parser v0.7.0
[INFO] [stderr]    Compiling scopeguard v0.3.3
[INFO] [stderr]    Compiling stable_deref_trait v1.1.1
[INFO] [stderr]    Compiling pkg-config v0.3.14
[INFO] [stderr]    Compiling arrayvec v0.4.10
[INFO] [stderr]    Compiling memchr v2.2.0
[INFO] [stderr]    Compiling nodrop v0.1.13
[INFO] [stderr]    Compiling ucd-util v0.1.3
[INFO] [stderr]    Compiling regex v1.1.6
[INFO] [stderr]    Compiling rustc-demangle v0.1.14
[INFO] [stderr]    Compiling memoffset v0.2.1
[INFO] [stderr]    Compiling percent-encoding v1.0.1
[INFO] [stderr]    Compiling failure_derive v0.1.5
[INFO] [stderr]    Compiling utf8-ranges v1.0.2
[INFO] [stderr]    Compiling mac v0.1.1
[INFO] [stderr]    Compiling httparse v1.3.3
[INFO] [stderr]    Compiling foreign-types-shared v0.1.1
[INFO] [stderr]    Compiling try-lock v0.2.2
[INFO] [stderr]    Compiling utf-8 v0.7.5
[INFO] [stderr]    Compiling string v0.1.3
[INFO] [stderr]    Compiling precomputed-hash v0.1.1
[INFO] [stderr]    Compiling indexmap v1.0.2
[INFO] [stderr]    Compiling native-tls v0.2.3
[INFO] [stderr]    Compiling adler32 v1.0.3
[INFO] [stderr]    Compiling bitflags v1.0.4
[INFO] [stderr]    Compiling openssl-probe v0.1.2
[INFO] [stderr]    Compiling open v1.2.2
[INFO] [stderr]    Compiling strum v0.14.0
[INFO] [stderr]    Compiling backtrace-sys v0.1.28
[INFO] [stderr]    Compiling tokio-sync v0.1.5
[INFO] [stderr]    Compiling miniz_oxide_c_api v0.2.1
[INFO] [stderr]    Compiling log v0.4.6
[INFO] [stderr]    Compiling try_from v0.3.2
[INFO] [stderr]    Compiling foreign-types v0.3.2
[INFO] [stderr]    Compiling futf v0.1.4
[INFO] [stderr]    Compiling owning_ref v0.4.0
[INFO] [stderr]    Compiling proc-macro2 v0.3.8
[INFO] [stderr]    Compiling proc-macro2 v0.4.30
[INFO] [stderr]    Compiling crossbeam-utils v0.6.5
[INFO] [stderr]    Compiling thread_local v0.3.6
[INFO] [stderr]    Compiling tokio-trace-core v0.1.0
[INFO] [stderr]    Compiling crc32fast v1.2.0
[INFO] [stderr]    Compiling regex-syntax v0.6.6
[INFO] [stderr]    Compiling miniz_oxide v0.2.1
[INFO] [stderr]    Compiling semver v0.9.0
[INFO] [stderr]    Compiling encoding_rs v0.8.17
[INFO] [stderr]    Compiling unicode-normalization v0.1.8
[INFO] [stderr]    Compiling want v0.0.6
[INFO] [stderr]    Compiling tendril v0.4.1
[INFO] [stderr]    Compiling lock_api v0.1.5
[INFO] [stderr]    Compiling unicase v1.4.2
[INFO] [stderr]    Compiling error-chain v0.12.1
[INFO] [stderr]    Compiling unicase v2.4.0
[INFO] [stderr]    Compiling rand_chacha v0.1.1
[INFO] [stderr]    Compiling rand_pcg v0.1.2
[INFO] [stderr]    Compiling rand v0.6.5
[INFO] [stderr]    Compiling backtrace v0.3.20
[INFO] [stderr]    Compiling num-traits v0.2.8
[INFO] [stderr]    Compiling tokio-executor v0.1.7
[INFO] [stderr]    Compiling crossbeam-queue v0.1.2
[INFO] [stderr]    Compiling rustc_version v0.2.3
[INFO] [stderr]    Compiling openssl-sys v0.9.47
[INFO] [stderr]    Compiling quote v0.5.2
[INFO] [stderr]    Compiling base64 v0.10.1
[INFO] [stderr]    Compiling quote v0.6.12
[INFO] [stderr]    Compiling tokio-timer v0.2.11
[INFO] [stderr]    Compiling tokio-current-thread v0.1.6
[INFO] [stderr]    Compiling syn v0.13.11
[INFO] [stderr]    Compiling phf_shared v0.7.24
[INFO] [stderr]    Compiling rand_os v0.1.3
[INFO] [stderr]    Compiling iovec v0.1.2
[INFO] [stderr]    Compiling num_cpus v1.10.0
[INFO] [stderr]    Compiling net2 v0.2.33
[INFO] [stderr]    Compiling time v0.1.42
[INFO] [stderr]    Compiling unix_socket v0.5.0
[INFO] [stderr]    Compiling crossbeam-epoch v0.7.1
[INFO] [stderr]    Compiling aho-corasick v0.7.3
[INFO] [stderr]    Compiling parking_lot_core v0.4.0
[INFO] [stderr]    Compiling mime v0.3.13
[INFO] [stderr]    Compiling phf v0.7.24
[INFO] [stderr]    Compiling bytes v0.4.12
[INFO] [stderr]    Compiling mio v0.6.17
[INFO] [stderr]    Compiling futures-cpupool v0.1.8
[INFO] [stderr]    Compiling flate2 v1.0.7
[INFO] [stderr]    Compiling openssl v0.10.23
[INFO] [stderr]    Compiling num-traits v0.1.43
[INFO] [stderr]    Compiling crossbeam-deque v0.7.1
[INFO] [stderr]    Compiling rmp v0.8.7
[INFO] [stderr]    Compiling idna v0.1.5
[INFO] [stderr]    Compiling tokio-io v0.1.12
[INFO] [stderr]    Compiling http v0.1.17
[INFO] [stderr]    Compiling tokio-buf v0.1.1
[INFO] [stderr]    Compiling url v1.7.2
[INFO] [stderr]    Compiling phf_generator v0.7.24
[INFO] [stderr]    Compiling tokio-threadpool v0.1.14
[INFO] [stderr]    Compiling uuid v0.7.4
[INFO] [stderr]    Compiling phf_codegen v0.7.24
[INFO] [stderr]    Compiling string_cache_codegen v0.4.2
[INFO] [stderr]    Compiling parking_lot v0.7.1
[INFO] [stderr]    Compiling mime_guess v2.0.0-alpha.6
[INFO] [stderr]    Compiling string_cache v0.7.3
[INFO] [stderr]    Compiling tokio-reactor v0.1.9
[INFO] [stderr]    Compiling cookie v0.12.0
[INFO] [stderr]    Compiling tokio-tcp v0.1.3
[INFO] [stderr]    Compiling http-body v0.1.0
[INFO] [stderr]    Compiling h2 v0.1.20
[INFO] [stderr]    Compiling tokio v0.1.20
[INFO] [stderr]    Compiling synstructure v0.10.2
[INFO] [stderr]    Compiling publicsuffix v1.5.2
[INFO] [stderr]    Compiling serde_derive v1.0.91
[INFO] [stderr]    Compiling strum_macros v0.14.0
[INFO] [stderr]    Compiling hyper v0.12.29
[INFO] [stderr]    Compiling failure v0.1.5
[INFO] [stderr]    Compiling html5ever v0.22.3
[INFO] [stderr]    Compiling dotenv v0.13.0
[INFO] [stderr]    Compiling hyper-tls v0.3.2
[INFO] [stderr]    Compiling serde_json v1.0.39
[INFO] [stderr]    Compiling serde_bytes v0.10.5
[INFO] [stderr]    Compiling serde_urlencoded v0.5.5
[INFO] [stderr]    Compiling rmpv v0.4.0
[INFO] [stderr]    Compiling neovim-lib v0.6.1
[INFO] [stderr]    Compiling cookie_store v0.7.0
[INFO] [stderr]    Compiling markup5ever v0.7.5
[INFO] [stderr]    Compiling reqwest v0.9.17
[INFO] [stderr]    Compiling soup v0.4.1
[INFO] [stderr]    Compiling spotify-neovim v0.1.0 (/opt/rustwide/workdir)
[INFO] [stdout] error[E0254]: the name `rand` is defined multiple times
[INFO] [stdout]   --> src/spotify.rs:16:12
[INFO] [stdout]    |
[INFO] [stdout] 2  | extern crate rand;
[INFO] [stdout]    | ------------------ previous import of the extern crate `rand` here
[INFO] [stdout] ...
[INFO] [stdout] 16 | use rand::{self, Rng};
[INFO] [stdout]    |            ^^^^--
[INFO] [stdout]    |            |
[INFO] [stdout]    |            `rand` reimported here
[INFO] [stdout]    |            help: remove unnecessary import
[INFO] [stdout]    |
[INFO] [stdout]    = note: `rand` must be defined only once in the type namespace of this module
[INFO] [stdout] 
[INFO] [stdout] 
[INFO] [stdout] error: expected non-macro attribute, found attribute macro `derive`
[INFO] [stdout]    --> src/spotify.rs:107:11
[INFO] [stdout]     |
[INFO] [stdout] 107 |         #[derive(Into)]
[INFO] [stdout]     |           ^^^^^^ not a non-macro attribute
[INFO] [stdout] 
[INFO] [stdout] 
[INFO] [stdout] error: cannot find derive macro `EnumString` in this scope
[INFO] [stdout]   --> src/spotify.rs:52:14
[INFO] [stdout]    |
[INFO] [stdout] 52 |     #[derive(EnumString, Serialize, Deserialize, Display, Debug, Clone, PartialEq)]
[INFO] [stdout]    |              ^^^^^^^^^^
[INFO] [stdout] 
[INFO] [stdout] 
[INFO] [stdout] error: cannot find derive macro `Serialize` in this scope
[INFO] [stdout]   --> src/spotify.rs:52:26
[INFO] [stdout]    |
[INFO] [stdout] 52 |     #[derive(EnumString, Serialize, Deserialize, Display, Debug, Clone, PartialEq)]
[INFO] [stdout]    |                          ^^^^^^^^^
[INFO] [stdout] 
[INFO] [stdout] 
[INFO] [stdout] error: cannot find derive macro `Deserialize` in this scope
[INFO] [stdout]   --> src/spotify.rs:52:37
[INFO] [stdout]    |
[INFO] [stdout] 52 |     #[derive(EnumString, Serialize, Deserialize, Display, Debug, Clone, PartialEq)]
[INFO] [stdout]    |                                     ^^^^^^^^^^^
[INFO] [stdout] 
[INFO] [stdout] 
[INFO] [stdout] error: cannot find derive macro `Display` in this scope
[INFO] [stdout]   --> src/spotify.rs:52:50
[INFO] [stdout]    |
[INFO] [stdout] 52 |     #[derive(EnumString, Serialize, Deserialize, Display, Debug, Clone, PartialEq)]
[INFO] [stdout]    |                                                  ^^^^^^^
[INFO] [stdout] 
[INFO] [stdout] 
[INFO] [stdout] error: cannot find attribute `strum` in this scope
[INFO] [stdout]   --> src/spotify.rs:54:11
[INFO] [stdout]    |
[INFO] [stdout] 54 |         #[strum(serialize = "user-read-recently-played")]
[INFO] [stdout]    |           ^^^^^
[INFO] [stdout] 
[INFO] [stdout] 
[INFO] [stdout] error: cannot find attribute `strum` in this scope
[INFO] [stdout]   --> src/spotify.rs:56:11
[INFO] [stdout]    |
[INFO] [stdout] 56 |         #[strum(serialize = "user-top-read")]
[INFO] [stdout]    |           ^^^^^
[INFO] [stdout] 
[INFO] [stdout] 
[INFO] [stdout] error: cannot find attribute `strum` in this scope
[INFO] [stdout]   --> src/spotify.rs:59:11
[INFO] [stdout]    |
[INFO] [stdout] 59 |         #[strum(serialize = "user-library-modify")]
[INFO] [stdout]    |           ^^^^^
[INFO] [stdout] 
[INFO] [stdout] 
[INFO] [stdout] error: cannot find attribute `strum` in this scope
[INFO] [stdout]   --> src/spotify.rs:61:11
[INFO] [stdout]    |
[INFO] [stdout] 61 |         #[strum(serialize = "user-library-read")]
[INFO] [stdout]    |           ^^^^^
[INFO] [stdout] 
[INFO] [stdout] 
[INFO] [stdout] error: cannot find attribute `strum` in this scope
[INFO] [stdout]   --> src/spotify.rs:64:11
[INFO] [stdout]    |
[INFO] [stdout] 64 |         #[strum(serialize = "playlist-read-private")]
[INFO] [stdout]    |           ^^^^^
[INFO] [stdout] 
[INFO] [stdout] 
[INFO] [stdout] error: cannot find attribute `strum` in this scope
[INFO] [stdout]   --> src/spotify.rs:66:11
[INFO] [stdout]    |
[INFO] [stdout] 66 |         #[strum(serialize = "playlist-modify-public")]
[INFO] [stdout]    |           ^^^^^
[INFO] [stdout] 
[INFO] [stdout] 
[INFO] [stdout] error: cannot find attribute `strum` in this scope
[INFO] [stdout]   --> src/spotify.rs:68:11
[INFO] [stdout]    |
[INFO] [stdout] 68 |         #[strum(serialize = "playlist-modify-private")]
[INFO] [stdout]    |           ^^^^^
[INFO] [stdout] 
[INFO] [stdout] 
[INFO] [stdout] error: cannot find attribute `strum` in this scope
[INFO] [stdout]   --> src/spotify.rs:70:11
[INFO] [stdout]    |
[INFO] [stdout] 70 |         #[strum(serialize = "playlist-read-collaborative")]
[INFO] [stdout]    |           ^^^^^
[INFO] [stdout] 
[INFO] [stdout] 
[INFO] [stdout] error: cannot find attribute `strum` in this scope
[INFO] [stdout]   --> src/spotify.rs:73:11
[INFO] [stdout]    |
[INFO] [stdout] 73 |         #[strum(serialize = "user-read-email")]
[INFO] [stdout]    |           ^^^^^
[INFO] [stdout] 
[INFO] [stdout] 
[INFO] [stdout] error: cannot find attribute `strum` in this scope
[INFO] [stdout]   --> src/spotify.rs:75:11
[INFO] [stdout]    |
[INFO] [stdout] 75 |         #[strum(serialize = "user-read-birthdate")]
[INFO] [stdout]    |           ^^^^^
[INFO] [stdout] 
[INFO] [stdout] 
[INFO] [stdout] error: cannot find attribute `strum` in this scope
[INFO] [stdout]   --> src/spotify.rs:77:11
[INFO] [stdout]    |
[INFO] [stdout] 77 |         #[strum(serialize = "user-read-private")]
[INFO] [stdout]    |           ^^^^^
[INFO] [stdout] 
[INFO] [stdout] 
[INFO] [stdout] error: cannot find attribute `strum` in this scope
[INFO] [stdout]   --> src/spotify.rs:80:11
[INFO] [stdout]    |
[INFO] [stdout] 80 |         #[strum(serialize = "user-read-playback-state")]
[INFO] [stdout]    |           ^^^^^
[INFO] [stdout] 
[INFO] [stdout] 
[INFO] [stdout] error: cannot find attribute `strum` in this scope
[INFO] [stdout]   --> src/spotify.rs:82:11
[INFO] [stdout]    |
[INFO] [stdout] 82 |         #[strum(serialize = "user-modify-playback-state")]
[INFO] [stdout]    |           ^^^^^
[INFO] [stdout] 
[INFO] [stdout] 
[INFO] [stdout] error: cannot find attribute `strum` in this scope
[INFO] [stdout]   --> src/spotify.rs:84:11
[INFO] [stdout]    |
[INFO] [stdout] 84 |         #[strum(serialize = "user-read-currently-playing")]
[INFO] [stdout]    |           ^^^^^
[INFO] [stdout] 
[INFO] [stdout] 
[INFO] [stdout] error: cannot find attribute `strum` in this scope
[INFO] [stdout]   --> src/spotify.rs:87:11
[INFO] [stdout]    |
[INFO] [stdout] 87 |         #[strum(serialize = "app-remote-control")]
[INFO] [stdout]    |           ^^^^^
[INFO] [stdout] 
[INFO] [stdout] 
[INFO] [stdout] error: cannot find attribute `strum` in this scope
[INFO] [stdout]   --> src/spotify.rs:89:11
[INFO] [stdout]    |
[INFO] [stdout] 89 |         #[strum(serialize = "streaming")]
[INFO] [stdout]    |           ^^^^^
[INFO] [stdout] 
[INFO] [stdout] 
[INFO] [stdout] error: cannot find attribute `strum` in this scope
[INFO] [stdout]   --> src/spotify.rs:92:11
[INFO] [stdout]    |
[INFO] [stdout] 92 |         #[strum(serialize = "user-follow-read")]
[INFO] [stdout]    |           ^^^^^
[INFO] [stdout] 
[INFO] [stdout] 
[INFO] [stdout] error: cannot find attribute `strum` in this scope
[INFO] [stdout]   --> src/spotify.rs:94:11
[INFO] [stdout]    |
[INFO] [stdout] 94 |         #[strum(serialize = "user-follow-modify")]
[INFO] [stdout]    |           ^^^^^
[INFO] [stdout] 
[INFO] [stdout] 
[INFO] [stdout] error[E0433]: failed to resolve: use of undeclared crate or module `env`
[INFO] [stdout]    --> src/spotify.rs:119:34
[INFO] [stdout]     |
[INFO] [stdout] 119 |                 client_id: match env::var("CLIENT_ID") {
[INFO] [stdout]     |                                  ^^^ use of undeclared crate or module `env`
[INFO] [stdout] 
[INFO] [stdout] 
[INFO] [stdout] error[E0433]: failed to resolve: use of undeclared crate or module `env`
[INFO] [stdout]    --> src/spotify.rs:125:22
[INFO] [stdout]     |
[INFO] [stdout] 125 |                     &env::var("REDIRECT_URI")
[INFO] [stdout]     |                      ^^^ use of undeclared crate or module `env`
[INFO] [stdout] 
[INFO] [stdout] 
[INFO] [stdout] error[E0412]: cannot find type `Url` in this scope
[INFO] [stdout]    --> src/spotify.rs:103:27
[INFO] [stdout]     |
[INFO] [stdout] 103 |         pub redirect_uri: Url,
[INFO] [stdout]     |                           ^^^ not found in this scope
[INFO] [stdout]     |
[INFO] [stdout] help: consider importing one of these items
[INFO] [stdout]     |
[INFO] [stdout] 43  |     use crate::spotify::Url;
[INFO] [stdout]     |
[INFO] [stdout] 43  |     use reqwest::Url;
[INFO] [stdout]     |
[INFO] [stdout] 43  |     use url::Url;
[INFO] [stdout]     |
[INFO] [stdout] 
[INFO] [stdout] 
[INFO] [stdout] error[E0423]: expected function, found crate `dotenv`
[INFO] [stdout]    --> src/spotify.rs:116:13
[INFO] [stdout]     |
[INFO] [stdout] 116 |             dotenv().ok();
[INFO] [stdout]     |             ^^^^^^ not a function
[INFO] [stdout]     |
[INFO] [stdout] help: consider importing one of these items instead
[INFO] [stdout]     |
[INFO] [stdout] 43  |     use crate::spotify::dotenv;
[INFO] [stdout]     |
[INFO] [stdout] 43  |     use dotenv::dotenv;
[INFO] [stdout]     |
[INFO] [stdout] 
[INFO] [stdout] 
[INFO] [stdout] error[E0433]: failed to resolve: use of undeclared type `Url`
[INFO] [stdout]    --> src/spotify.rs:124:31
[INFO] [stdout]     |
[INFO] [stdout] 124 |                 redirect_uri: Url::parse(
[INFO] [stdout]     |                               ^^^ not found in this scope
[INFO] [stdout]     |
[INFO] [stdout] help: consider importing one of these items
[INFO] [stdout]     |
[INFO] [stdout] 43  |     use crate::spotify::Url;
[INFO] [stdout]     |
[INFO] [stdout] 43  |     use reqwest::Url;
[INFO] [stdout]     |
[INFO] [stdout] 43  |     use url::Url;
[INFO] [stdout]     |
[INFO] [stdout] 
[INFO] [stdout] 
[INFO] [stdout] warning: trait objects without an explicit `dyn` are deprecated
[INFO] [stdout]   --> src/neovim.rs:37:18
[INFO] [stdout]    |
[INFO] [stdout] 37 |     spotify: Box<SpotifyAPI>,
[INFO] [stdout]    |                  ^^^^^^^^^^ help: use `dyn`: `dyn SpotifyAPI`
[INFO] [stdout]    |
[INFO] [stdout]    = note: `#[warn(bare_trait_objects)]` on by default
[INFO] [stdout]    = warning: this was previously accepted by the compiler but is being phased out; it will become a hard error in the 2021 edition!
[INFO] [stdout]    = note: for more information, see issue #80165 <https://github.com/rust-lang/rust/issues/80165>
[INFO] [stdout] 
[INFO] [stdout] 
[INFO] [stdout] warning: unused imports: `Deserialize`, `Deserializer`, `Serialize`
[INFO] [stdout]   --> src/spotify.rs:10:13
[INFO] [stdout]    |
[INFO] [stdout] 10 | use serde::{Deserialize, Deserializer, Serialize};
[INFO] [stdout]    |             ^^^^^^^^^^^  ^^^^^^^^^^^^  ^^^^^^^^^
[INFO] [stdout]    |
[INFO] [stdout]    = note: `#[warn(unused_imports)]` on by default
[INFO] [stdout] 
[INFO] [stdout] 
[INFO] [stdout] warning: unused import: `serde_json::Value`
[INFO] [stdout]   --> src/spotify.rs:11:5
[INFO] [stdout]    |
[INFO] [stdout] 11 | use serde_json::Value;
[INFO] [stdout]    |     ^^^^^^^^^^^^^^^^^
[INFO] [stdout] 
[INFO] [stdout] 
[INFO] [stdout] warning: unused imports: `Display`, `EnumString`
[INFO] [stdout]   --> src/spotify.rs:12:20
[INFO] [stdout]    |
[INFO] [stdout] 12 | use strum_macros::{Display, EnumString};
[INFO] [stdout]    |                    ^^^^^^^  ^^^^^^^^^^
[INFO] [stdout] 
[INFO] [stdout] 
[INFO] [stdout] warning: unused import: `dotenv::dotenv`
[INFO] [stdout]   --> src/spotify.rs:13:5
[INFO] [stdout]    |
[INFO] [stdout] 13 | use dotenv::dotenv;
[INFO] [stdout]    |     ^^^^^^^^^^^^^^
[INFO] [stdout] 
[INFO] [stdout] 
[INFO] [stdout] warning: unused import: `url::Url`
[INFO] [stdout]   --> src/spotify.rs:14:5
[INFO] [stdout]    |
[INFO] [stdout] 14 | use url::Url;
[INFO] [stdout]    |     ^^^^^^^^
[INFO] [stdout] 
[INFO] [stdout] 
[INFO] [stdout] warning: unused import: `reqwest::Client`
[INFO] [stdout]   --> src/spotify.rs:15:5
[INFO] [stdout]    |
[INFO] [stdout] 15 | use reqwest::Client;
[INFO] [stdout]    |     ^^^^^^^^^^^^^^^
[INFO] [stdout] 
[INFO] [stdout] 
[INFO] [stdout] warning: unused imports: `Rng`, `self`
[INFO] [stdout]   --> src/spotify.rs:16:12
[INFO] [stdout]    |
[INFO] [stdout] 16 | use rand::{self, Rng};
[INFO] [stdout]    |            ^^^^  ^^^
[INFO] [stdout] 
[INFO] [stdout] 
[INFO] [stdout] warning: unused import: `std::collections::HashMap`
[INFO] [stdout]   --> src/spotify.rs:18:5
[INFO] [stdout]    |
[INFO] [stdout] 18 | use std::collections::HashMap;
[INFO] [stdout]    |     ^^^^^^^^^^^^^^^^^^^^^^^^^
[INFO] [stdout] 
[INFO] [stdout] 
[INFO] [stdout] warning: unused import: `std::env`
[INFO] [stdout]   --> src/spotify.rs:19:5
[INFO] [stdout]    |
[INFO] [stdout] 19 | use std::env;
[INFO] [stdout]    |     ^^^^^^^^
[INFO] [stdout] 
[INFO] [stdout] 
[INFO] [stdout] warning: unused import: `std::io::Read`
[INFO] [stdout]   --> src/spotify.rs:20:5
[INFO] [stdout]    |
[INFO] [stdout] 20 | use std::io::Read;
[INFO] [stdout]    |     ^^^^^^^^^^^^^
[INFO] [stdout] 
[INFO] [stdout] 
[INFO] [stdout] warning: unused import: `std::str::FromStr`
[INFO] [stdout]   --> src/spotify.rs:21:5
[INFO] [stdout]    |
[INFO] [stdout] 21 | use std::str::FromStr;
[INFO] [stdout]    |     ^^^^^^^^^^^^^^^^^
[INFO] [stdout] 
[INFO] [stdout] 
[INFO] [stdout] warning: unused import: `std::string::ToString`
[INFO] [stdout]   --> src/spotify.rs:22:5
[INFO] [stdout]    |
[INFO] [stdout] 22 | use std::string::ToString;
[INFO] [stdout]    |     ^^^^^^^^^^^^^^^^^^^^^
[INFO] [stdout] 
[INFO] [stdout] 
[INFO] [stdout] error[E0599]: no function or associated item named `new` found for struct `Spotify` in the current scope
[INFO] [stdout]   --> src/neovim.rs:45:32
[INFO] [stdout]    |
[INFO] [stdout] 45 |         let spotify = Spotify::new();
[INFO] [stdout]    |                                ^^^ function or associated item not found in `Spotify`
[INFO] [stdout]    | 
[INFO] [stdout]   ::: src/spotify.rs:34:1
[INFO] [stdout]    |
[INFO] [stdout] 34 | pub struct Spotify;
[INFO] [stdout]    | ------------------- function or associated item `new` not found for this
[INFO] [stdout]    |
[INFO] [stdout]    = help: items from traits can only be used if the trait is implemented and in scope
[INFO] [stdout]    = note: the following traits define an item `new`, perhaps you need to implement one of them:
[INFO] [stdout]            candidate #1: `error_chain::ChainedError`
[INFO] [stdout]            candidate #2: `UniformSampler`
[INFO] [stdout]            candidate #3: `tendril::tendril::Atomicity`
[INFO] [stdout] 
[INFO] [stdout] 
[INFO] [stdout] error[E0599]: no method named `sample_iter` found for struct `rand::prelude::ThreadRng` in the current scope
[INFO] [stdout]    --> src/spotify.rs:47:5
[INFO] [stdout]     |
[INFO] [stdout] 47  |             .sample_iter(&rand::distributions::Alphanumeric)
[INFO] [stdout]     |              ^^^^^^^^^^^ method not found in `rand::prelude::ThreadRng`
[INFO] [stdout]     | 
[INFO] [stdout]    ::: /opt/rustwide/cargo-home/registry/src/github.com-1ecc6299db9ec823/rand-0.6.5/src/lib.rs:293:8
[INFO] [stdout]     |
[INFO] [stdout] 293 |     fn sample_iter<'a, T, D: Distribution<T>>(&'a mut self, distr: &'a D)
[INFO] [stdout]     |        ----------- the method is available for `rand::prelude::ThreadRng` here
[INFO] [stdout]     |
[INFO] [stdout]     = help: items from traits can only be used if the trait is in scope
[INFO] [stdout]     = note: the following trait is implemented but not in scope; perhaps add a `use` for it:
[INFO] [stdout]             `use crate::spotify::rand::Rng;`
[INFO] [stdout] 
[INFO] [stdout] 
[INFO] [stdout] error[E0599]: the method `to_string` exists for enum `Scope`, but its trait bounds were not satisfied
[INFO] [stdout]    --> src/spotify.rs:140:36
[INFO] [stdout]     |
[INFO] [stdout] 53  |     pub enum Scope {
[INFO] [stdout]     |     --------------
[INFO] [stdout]     |     |
[INFO] [stdout]     |     method `to_string` not found for this
[INFO] [stdout]     |     doesn't satisfy `Scope: ToString`
[INFO] [stdout]     |     doesn't satisfy `Scope: std::fmt::Display`
[INFO] [stdout] ...
[INFO] [stdout] 140 |                 .map(|x| x.clone().to_string())
[INFO] [stdout]     |                                    ^^^^^^^^^ method cannot be called on `Scope` due to unsatisfied trait bounds
[INFO] [stdout]     |
[INFO] [stdout]     = note: the following trait bounds were not satisfied:
[INFO] [stdout]             `Scope: std::fmt::Display`
[INFO] [stdout]             which is required by `Scope: ToString`
[INFO] [stdout] 
[INFO] [stdout] 
[INFO] [stdout] error: aborting due to 32 previous errors; 13 warnings emitted
[INFO] [stdout] 
[INFO] [stdout] 
[INFO] [stdout] Some errors have detailed explanations: E0254, E0412, E0423, E0433, E0599.
[INFO] [stdout] 
[INFO] [stdout] For more information about an error, try `rustc --explain E0254`.
[INFO] [stdout] 
[INFO] [stderr] error: could not compile `spotify-neovim`
[INFO] [stderr] 
[INFO] [stderr] To learn more, run the command again with --verbose.
[INFO] running `Command { std: "docker" "inspect" "4501234cd61cb01fe921c7995a36fde55db61b5c6395be64a2c230280beafc9c", kill_on_drop: false }`
[INFO] running `Command { std: "docker" "rm" "-f" "4501234cd61cb01fe921c7995a36fde55db61b5c6395be64a2c230280beafc9c", kill_on_drop: false }`
[INFO] [stdout] 4501234cd61cb01fe921c7995a36fde55db61b5c6395be64a2c230280beafc9c
